 - 21, 0 = -0*t - 5*t - 2*b + 40. What is the highest common factor of t and 60?
6
Let s(w) = -w. Let x be s(-2). Suppose -3*a + 1 = -2, 63 = x*n - 3*a. Calculate the highest common factor of 3 and n.
3
Suppose 1944 = 18*f - 12*f. Let k be (-35)/(-2)*56/(-5). Let z = f + k. Calculate the highest common divisor of 16 and z.
16
Let z = 1 + 5. What is the greatest common divisor of 54 and z?
6
Suppose m = 2*d - 7*d + 25, -3*d + 32 = 4*m. What is the greatest common factor of d and 68?
4
Let t(y) = 14*y**2 + y + 3. Let j be t(4). Let k(r) = -6*r + 3. Let a be k(4). Let w = a + 42. What is the highest common factor of w and j?
21
Let t = 47 + -29. Calculate the greatest common divisor of 54 and t.
18
Let a be (5 + 1)*(-9)/(-18). What is the highest common factor of 3 and a?
3
Suppose 5 = -w - h + 2, -2*w - 4*h - 12 = 0. Suppose 4*d - 2*f = 136, -5*d + 3*f + 168 = -w*d. What is the highest common divisor of 9 and d?
9
Let w(u) = -4*u. Let c be w(1). Let l be c/6 + 46/6. What is the greatest common factor of l and 7?
7
Let w be 4/3*(66/(-4))/(-1). Calculate the greatest common divisor of w and 55.
11
Suppose 3*o + 11 = -4*r, 0*r - 3*o - 1 = 2*r. Let f be (27/(-45))/(1/r). What is the greatest common factor of 27 and f?
3
Let j be ((2 - -1) + -1)/1. Suppose -2 = -2*y + 4*f, -j*f - 2*f + 19 = 5*y. Suppose m - 12 + y = 0. What is the greatest common divisor of 1 and m?
1
Let k = 0 + 0. Suppose 5*d + s - 29 = k, 3*d + 2*s - 10 = d. What is the highest common factor of 66 and d?
6
Let m be ((-4)/6)/((-2)/18). Suppose 0*s - o = 4*s - 16, 0 = 5*o. Suppose 48 = -s*n + 5*n. What is the greatest common factor of n and m?
6
Let x be (2 - 3)*(-4 + 0). Let c = x - 3. Calculate the highest common factor of c and 9.
1
Let o(i) = -i**3 - 7*i**2 + i + 10. Let c be o(-7). Suppose -120 = -c*r + r. Calculate the greatest common divisor of r and 12.
12
Let b(x) = 7*x**2 - 2*x + 1. Let k be b(1). What is the greatest common divisor of 2 and k?
2
Let r be 7*(9 - -1 - 1). Calculate the greatest common factor of r and 7.
7
Let s be (8 + -2)/2 + 197. What is the greatest common factor of s and 25?
25
Let n be -1 - (1 + -3) - 1. Suppose -50 + n = -5*i. Calculate the highest common factor of i and 110.
10
Suppose 0 = a - 0*a - 4. What is the greatest common divisor of 4 and a?
4
Let s = 3 - -5. Let c be -4*(-2)/(s/17). Suppose -2*v = -3*v + c. What is the highest common divisor of v and 17?
17
Suppose -2*m + c - 5 = -2*c, -m + 4 = 5*c. Let q = m + 4. Suppose 4*p - 1 = q. What is the highest common divisor of p and 2?
1
Let z = 31 - 19. Suppose 0*u = 4*u. Suppose q = -u*q + 4. What is the greatest common factor of q and z?
4
Let d = 172 + -44. What is the highest common divisor of d and 32?
32
Let d = 322 + -307. Let k = -24 + 84. Calculate the greatest common factor of d and k.
15
Suppose -b - 5 + 15 = 0. Let r = b - -20. Calculate the greatest common divisor of r and 6.
6
Let j be 15/((15/(-6))/(-5)). Let x(a) = -a**3 + 8*a**2 + 6. Let o be x(8). Calculate the greatest common divisor of o and j.
6
Let z(o) = 33*o + 6. Let v be z(5). Suppose 0 = -5*x + 3*t + 235, 2*t - v + 11 = -3*x. Let q be (1 - 0 - 6)*-1. What is the highest common factor of q and x?
5
Let s be 30*((-4)/(-12) + 0). Let o = -115 - -185. What is the highest common divisor of o and s?
10
Let z = 5 - 3. Suppose -2*b + 18 = z*g, 0*g - 3*b + 15 = 2*g. Suppose -5*m = x - 13, -2*x + 16 = 3*m + 2*m. Calculate the highest common divisor of x and g.
3
Let m be -3 + 90 - -4 - 0. Suppose -4*d + 9*d - 65 = 0. Calculate the highest common divisor of m and d.
13
Let v be ((-19)/38 - (-17)/(-10))*-5. Calculate the greatest common divisor of 77 and v.
11
Let w(z) = -z - 17. Let o be 225/(-12) + 1/(-4). Let v be w(o). What is the greatest common factor of 5 and v?
1
Suppose -g = 4*g. Let x = g - -4. Suppose -7*j = -x*j - 135. Calculate the greatest common factor of j and 5.
5
Let o(w) = w**3 + 3*w**2 - w - 2. Let p be o(-3). Suppose -5*y = -4*q - 27, 0*y = -y + 3*q + 12. What is the greatest common factor of p and y?
1
Suppose -5*t = -18 + 3. Let f(n) = -n + 12. Let z be f(9). Calculate the highest common divisor of z and t.
3
Suppose 0*l = -5*l. Let b = 2 - l. Suppose g - 4*u = 10, 4*g + b*u + 2*u - 40 = 0. What is the greatest common divisor of g and 10?
10
Let q = 4 + -2. Let x be (-110)/(-8) + q/8. What is the greatest common factor of 14 and x?
14
Let c(h) = 18 - 5 - h**3 - 8*h**2 + 5*h + 5*h. Let s be c(-9). Calculate the highest common divisor of 16 and s.
4
Suppose -7*b = -5*b - 98. Suppose -6 - b = -5*o. What is the highest common factor of 22 and o?
11
Suppose -3*g + 700 = 2*g + 5*q, 2*g - 4*q = 304. What is the greatest common divisor of 18 and g?
18
Let n(o) = -o - 7. Let t be n(-5). Let x be (0 - -2) + 2/t. Let l be (-2)/x*(1 + -45). What is the greatest common divisor of l and 8?
8
Let g(w) = 10*w**2 + 2*w + 2. Let x be g(-1). What is the greatest common divisor of 30 and x?
10
Suppose -5*a + 620 = -0*a. Suppose -3*c = a + 41. Let y = -37 - c. Calculate the greatest common divisor of 45 and y.
9
Let s be (-1)/(-2)*(5 - 1). Suppose p = 2*p - 14. Calculate the greatest common divisor of p and s.
2
Let h(m) = m**3 - 4*m**2 + 5*m - 4. Let r = 5 - 1. Let l be h(r). What is the greatest common divisor of 16 and l?
16
Suppose -6*l = -144 - 96. What is the highest common factor of l and 5?
5
Suppose 3*y - 4 - 20 = 0. Suppose -v = 3*p + y - 1, -4 = -2*v. Let l be 2/p + (-166)/(-6). Calculate the highest common factor of l and 9.
9
Let i = -19 + 28. Suppose i - 1 = -4*j. Let g be 4*(-2 + 1)*j. Calculate the highest common factor of 56 and g.
8
Let z = -21 - -71. What is the greatest common factor of z and 175?
25
Let g(b) = -b**3 + 12*b**2 + 16*b + 1. Let w be g(13). Calculate the highest common divisor of w and 10.
10
Suppose v + 4*v = 60. Let y = -40 - -76. Calculate the highest common factor of y and v.
12
Let f be (3 - -1)/(2/(-140)). Let w = f + 472. Let h be (w/15)/((-2)/(-15)). Calculate the highest common factor of 12 and h.
12
Let w(l) = -l**3 + 7*l**2 + 9*l - 3. Let j be w(8). Let f(q) = -q**2 - 6*q. Let a be f(-5). Calculate the highest common factor of a and j.
5
Suppose 4*o + o = 20. Suppose 5*t + 117 = r, -5*t + 447 = 4*r - o*t. Calculate the greatest common divisor of 14 and r.
14
Let q(l) = -2*l**3 - l**2 + 2*l + 3. Let y be q(-2). Calculate the greatest common divisor of 11 and y.
11
Let b be 22/(1*1/2). Let k(a) = a**2 + 4*a - 34. Let x be k(-9). What is the highest common factor of x and b?
11
Let r(a) = -3*a + 7. Let f be r(-7). What is the greatest common divisor of 28 and f?
28
Let g be 13 + -13 + (4 - -2). What is the highest common factor of 66 and g?
6
Let h be 35 - (-2 + 0)*(-3)/(-6). What is the highest common factor of 12 and h?
12
Let y be (-428)/(-28) - 2/7. Calculate the highest common factor of y and 5.
5
Suppose 3*f - 2*u - 60 = 0, -2*f - 57 = -6*f - 5*u. Let m = 19 - 13. Suppose 5*h + 54 = m*h. What is the highest common divisor of h and f?
18
Suppose 5*m + 3*b - 615 = 0, 0*m + 4*m - 485 = -b. Suppose 3*o + 5*x - 70 = 0, 3*x + 12 = 27. What is the highest common divisor of o and m?
15
Suppose -2*c - c = -12. Calculate the highest common divisor of c and 8.
4
Let g be (-5)/(-10)*(2 + 34). Calculate the highest common factor of 126 and g.
18
Suppose 35 = -6*g + 2*g + 5*b, -3*g = 2*b + 9. Let q = 1 + g. Let z be -3 + q/(-2) - -35. Calculate the highest common factor of z and 85.
17
Suppose -y = 2*y - 54. Let p(x) = x**2 - 3*x. Let c be p(6). Suppose -3*g = 4*m - 9 - 9, -3*g + 5*m + c = 0. What is the highest common factor of g and y?
6
Suppose 369 = 9*g - 63. Calculate the highest common factor of 12 and g.
12
Suppose 0 = 2*t + 167 - 257. Suppose 0 = -5*z + 4 + 21. Calculate the greatest common factor of z and t.
5
Suppose -4*v - 33 = -5*p - 8, 20 = 4*p + 2*v. Suppose -p*c - 28 = -68. Calculate the greatest common divisor of c and 16.
8
Let q be 40*((0 - -1) + 0). Let y = -49 - -19. Let w be (-230)/y - (-1)/3. What is the highest common factor of w and q?
8
Suppose 0*y - 7 = -y. Let c = 3 + -3. Suppose 3*t - 3 = c, 4*t = v - 1 - 58. Calculate the highest common factor of y and v.
7
Let p = -28 - -37. Calculate the highest common divisor of 3 and p.
3
Suppose -7*b + 98 = -98. What is the 